 n(33). Is (q/(-12))/(r/10095) a composite number?
False
Let n be 0 + (-11)/33 + 11/(-3). Let w(k) = 628*k**2 + 10*k - 1. Is w(n) prime?
True
Is 3/15 + 1 + (-465177)/(-15) prime?
True
Let x = -31 + 23. Let m(j) = 21*j**2 - 4*j + 26. Let z be m(x). Suppose 15899 - z = 7*i. Is i prime?
False
Let h(i) = -i**2 + 17*i + 12. Let q be h(19). Let b = 151 - q. Is b a prime number?
False
Suppose -4*y - q = -56190, -5*q - 5827 = -2*y + 22257. Is y composite?
True
Let f(n) = 2423*n - 8496. Is f(23) a composite number?
True
Suppose -5163 + 57853 = 2*f. Is (f - 4) + (-8 + 2 - -4) a prime number?
True
Let a be ((-48)/(-28) - 2) + (-60)/(-14). Let z(n) = -4164*n**3 - 5 - a*n + 0 - 2*n**2 + 4056*n**3. Is z(-2) composite?
False
Suppose t = -t - 9*t + 2054503. Is t a prime number?
True
Suppose 1 = 5*w - 19. Let o = 615 + -612. Suppose o*t = -v + 1312, 0*t - 3*t + w*v + 1337 = 0. Is t prime?
True
Let o(x) = -463*x - 856. Is o(-69) a composite number?
False
Is (-197953 - 82)*(-35)/25 a composite number?
True
Is 127045 - -1 - -5*119/(-85) composite?
True
Let r(v) = 5*v**2 - 9. Let f be r(3). Let x be 3/1*(-4)/f*-6. Suppose -x*g + 368 = -642. Is g a prime number?
False
Let f(c) = -8*c**3 - 56*c**2 - 7*c + 81. Is f(-43) prime?
False
Let w be 10081 - (-16)/(-56)*7/1. Is (w/3)/(((-15)/(-9))/5) a composite number?
False
Let u(p) = p**3 - 10*p + 13147. Let o(r) = r**3 + 38*r**2 - 80*r. Let c be o(-40). Is u(c) composite?
False
Let x(m) = 6*m**3 + 77*m**2 - 15*m - 28. Let p be x(-13). Let u(g) = 5835*g**2 + 27*g + 5. Is u(p) a composite number?
False
Let l(i) = i**3 + 21*i**2 + 6. Let s be l(-21). Let j(d) = 46*d**2 - 2*d + 7. Is j(s) composite?
True
Let i(l) = 492*l**2 - 5*l - 16. Suppose -4*c = 2*c + 18. Let j be i(c). Suppose j = 5*y - 108. Is y a composite number?
False
Suppose -y - 1138053 = -4*y + 2*d, -5*y + 1896755 = d. Is y composite?
True
Let l = 6078 + 8291. Is l composite?
False
Let l = 47 + -45. Suppose -11 = 3*k - l*s, 2*k + 9 = 4*s - 9. Let c(b) = -389*b + 2. Is c(k) a prime number?
False
Suppose 4 = 22*o - 172. Let n(x) be the second derivative of 101*x**3/6 + 13*x**2/2 + 3*x. Is n(o) composite?
False
Let u(z) = z**3 + 14*z**2 - z - 12. Let j be u(-14). Suppose -4*i - j*x = -0*x - 3034, 5*i + 3*x - 3792 = 0. Let c = i - 500. Is c a composite number?
True
Let v = 1467 + -947. Let l = v - 174. Is l a composite number?
True
Let q = -40 - -42. Suppose q*i - 6 + 2 = 0. Suppose -4*r + i*r + 1958 = 0. Is r prime?
False
Let v(d) = -4*d**2 + 11*d - 30. Let b be v(12). Let n be b/(-4)*316/6. Suppose 5*j = z + 2*z + n, -5*j + 6233 = z. Is j prime?
False
Let i be (1*-3)/((135/(-20))/9). Suppose i*z + 11 = -1, -2*w = -4*z - 10534. Is w a composite number?
False
Suppose 3268 = -9*u - 1070. Let f = u - -1179. Is f prime?
False
Suppose 9*l - 7*l - 3*s - 6654 = 0, -5*s = 3*l - 9981. Let q be (-608)/6*(-12)/8. Suppose -q + l = 5*h. Is h a composite number?
True
Let p be -11*(-1)/((-1 + 0)*-1). Suppose p = -6*t + 29. Suppose 0 = 3*h + t*s - 921, -3*s - s + 295 = h. Is h composite?
False
Suppose -9*g = -221948 + 14507. Suppose -145529 = -62*h + g. Is h a prime number?
True
Let b(l) = 1925*l**3 - 5*l**2 + 5*l - 1. Suppose -o + 6*o = 2*f, -o - 23 = -5*f. Is b(o) prime?
False
Let o(z) = -11*z + 16. Let k be o(-4). Let n be 10/6*(-10)/(k/(-774)). Suppose -3*t = -i + n, 4*i + 7*t - 2*t - 894 = 0. Is i a prime number?
False
Let x(y) = -155 - 941*y + 355 - 168. Let c be x(-10). Is (c*3/(-30))/((-4)/20) composite?
False
Let y = 654531 - 316720. Is y prime?
False
Let d(b) = b**3 + 10*b**2 - 26*b - 8. Let x be d(-12). Is (638/(-4))/((-8)/x) composite?
True
Suppose 0 = 5*n + 4*x - 1101451, 4*n + 97*x - 881159 = 92*x. Is n a prime number?
True
Let o(y) = -5*y**2 + y - 1. Let a be o(1). Is (12895/a)/(-6 + 5) a prime number?
True
Let i = 86461 - 51950. Is i a composite number?
False
Let l = 490623 + -213140. Is l a composite number?
False
Let l = 2421200 - 1495402. Is l a composite number?
True
Let f(w) = -w**3 - 13*w**2 + 2*w + 30. Let k be f(-13). Suppose 2*l - p = 671, 0 = 4*l - k*p - 0*p - 1344. Is l composite?
True
Suppose -249276 = -41*t + 1306715. Is t a composite number?
False
Let h(l) = -4029*l - 3998. Is h(-67) prime?
False
Suppose 0 = -3*o + 4*l - 6, 3*o - 4*o - 4*l = -14. Suppose -2*n + 12*u = 16*u - 5934, 0 = o*u - 2. Is n a composite number?
True
Let g(w) = 777*w**2 + 2. Let b be g(2). Is (4 - 5)/(b/(-3109) + 1) prime?
True
Is (0 - 50/(-20))/((-2)/(-2284) + 0) prime?
False
Suppose -183595 = -q - 4*v, 4*v - 232370 = -2*q + 134808. Is q composite?
True
Suppose -2*n - 4*l - 8 = 0, 0 = 4*n + 3*l - 8*l - 36. Suppose -n*j = -4*q - 16888, 5*j = -0*q + 4*q + 21115. Is j a composite number?
True
Let z(d) = -8*d + 10. Let r(c) = 7*c - 9. Let s(g) = -3*r(g) - 2*z(g). Let w be s(1). Suppose -8*a + w*a + 13902 = 0. Is a a prime number?
False
Suppose -718 + 928 = 15*w. Suppose -4*j + m = 7, 0 = -j - 2*m + 1 + 4. Let n = w - j. Is n a composite number?
True
Let p(t) = -152*t - 763. Is p(-43) composite?
True
Is (-1980916)/(-8) - (2/10 - 350/500) prime?
False
Suppose -52510 - 157551 = -105*i + 366704. Is i prime?
False
Let m be 6780/28 + (-2)/14. Let a = -30 + m. Let r = -127 + a. Is r a composite number?
True
Suppose 2*r + b = -15863, 0 = -2*r - 0*b - 3*b - 15869. Let x = r - -12429. Is x composite?
True
Let h = 2081 + -3831. Let b = 3987 - h. Is b a composite number?
False
Let w(d) = 8*d - 18. Let l be (-3 + (-7)/(-3))/((-5)/30). Let c be w(l). Let i(n) = n**2 + 21*n - 11. Is i(c) a prime number?
True
Suppose -4*g + 19 = 3*c, -30 = 3*c + 5*g - 50. Suppose 4*j - 18471 = -c*t + 13474, -5*t + 31945 = j. Is t prime?
True
Let u(h) = 79*h**2 + 21*h + 101. Let l be u(-8). Let s = l - 1600. Is s a prime number?
True
Let b(l) = 5 + 74*l - 1 - 75*l - 3 + 228*l**2. Is b(2) composite?
False
Suppose 19998882 = 33*m - 3113031. Is m a prime number?
True
Suppose -5*f + 19 + 26 = 0. Is f/(-54)*8 - (-430)/3 prime?
False
Let o be (1 + 3 - (-9 - -10)) + 21877. Suppose -4*k - 3*f = -5*f - o, 10948 = 2*k + 3*f. Is k composite?
False
Suppose -147484 = -8*z + 173868. Let h = z + -21582. Is h a composite number?
False
Suppose -427*w - 4318 = -429*w. Let c = -228 + w. Is c a prime number?
True
Let g(o) = 383*o**2 - 12*o + 27. Let s be (35 + 0)/(-7) + 7. Is g(s) prime?
False
Suppose 3*x - 7*x + 1356 = 0. Let l = x - -1490. Suppose -v - 1827 = 5*u - 10*u, 2*v + l = 5*u. Is u a prime number?
False
Let f(p) = -10 + p**3 + 4*p**2 + 13*p**2 - 1 + 14*p. Is f(-14) prime?
False
Let f(t) = t**3 - 2*t**2 - 3*t - 11. Let u(s) = s**2 + 10*s + 14. Let m be u(-10). Suppose 4*z + 5*l - 16 = m, 3*z + 2*l - 19 = 0. Is f(z) composite?
True
Is (-52645)/(-4)*(-4 - 4)/(-2) composite?
True
Let p(o) = -o**3 - 27*o**2 - 34*o + 12. Let v be p(-16). Let n = 17681 + v. Is n a composite number?
True
Suppose -5*a + 4*q = -1729693, a + 3*q - 474019 + 128088 = 0. Is a a composite number?
False
Suppose 19*f + 3*g + 1929189 = 22*f, -3215339 = -5*f + g. Is f composite?
True
Let p(j) = 20854*j**2 - 15*j - 44. Is p(-3) a composite number?
False
Suppose 3*n = -2*m + 18, 5*n - 3 = -4*m + 29. Let g be (-1 + 5 - m)*9. Suppose -g*b - 4016 = -10397. Is b prime?
True
Let h = -34197 + 588544. Is h prime?
True
Let r = -184 + 193. Suppose -563 = -r*m + 1102. Is m a composite number?
True
Let p(l) = 3835*l - 3051. Is p(56) a composite number?
True
Is -201822*(-2 - 1) - 9455/(-1891) a composite number?
False
Suppose 0*j + 31792 = -8*j. Let x = -331 - j. Is x prime?
True
Suppose 30 = 2*d + 2*a - 3*a, 3*d - 40 = -a. Suppose z = 2*z - 11. Is (2/(-7) + z/d)*586 a prime number?
True
Let h(j) be the first derivative of -j**5/20 + j**4/2 - 2*j**3/3 + 3*j**2 + 10*j + 7. Let m(i) be the first derivative of h(i). Is m(5) prime?
True
Suppose 0 = 1368*p - 1393*p + 2046325. Is p composite?
False
Suppose -83*x - 117195 = -3*o - 86*x, o = -2*x + 39063. Is o prime?
False
Let x(q) = -19*q**3 - 2*q**2 + 11*q + 51. Is x(-10) prime?
False
Suppose -72*w = 45*w - 320931. Is w a prime number?
False
Suppose 10*s - 629277 - 405235 = 239178. Is s composite?
True
Suppose 20 = -4*x, 17 = 3*n + n + 3*x. Suppose 2*h + n = 4*h. Suppose -h*r = r + 5*d - 2670, 3*r - 1622 = 2*d. Is r composite?
True
Let a(u) = 2*u + 4. Let m be a(-2). Suppose m = -10*w - 16765 + 75495. Is w prime?
False
Let i